{"id":232,"date":"2019-06-19T10:35:00","date_gmt":"2019-06-19T10:35:00","guid":{"rendered":"http:\/\/www.elementare-zusammenhaenge.de\/?page_id=232"},"modified":"2023-10-30T21:14:22","modified_gmt":"2023-10-30T21:14:22","slug":"232-2","status":"publish","type":"page","link":"https:\/\/www.elementare-zusammenhaenge.de\/","title":{"rendered":""},"content":{"rendered":"<p>Das Studio f\u00fcr elementare Zusammenh\u00e4nge versteht sich als Impulsgeber und Netzwerk f\u00fcr kulturell und gesellschaftlich belebende Themen. In Form vielf\u00e4ltiger Veranstaltungs- und Begegnungsformate bieten wir regelm\u00e4\u00dfige Inspiration und Wissen &#8211; in den Bereichen Bildung, soziales Miteinander, Arbeit, Umwelt und Nachhaltigkeit sowie Kunst und Kultur. Als Netzwerk, Vermittler- und Empfehlungsplattform bringen wir Menschen zusammen, mobilisieren Energien und regen zu Visionen an.<\/p>\n<h1 style=\"text-align: left;\"><span style=\"color: #d4c64c;\">AKTUELLES<\/span><\/h1>\n<p><img decoding=\"async\" loading=\"lazy\" class=\"alignnone size-medium wp-image-502\" src=\"http:\/\/www.elementare-zusammenhaenge.de\/wp-content\/uploads\/2023\/04\/Plakat_Zukunftsfenster-215x300.png\" alt=\"\" width=\"215\" height=\"300\" srcset=\"https:\/\/www.elementare-zusammenhaenge.de\/wp-content\/uploads\/2023\/04\/Plakat_Zukunftsfenster-215x300.png 215w, https:\/\/www.elementare-zusammenhaenge.de\/wp-content\/uploads\/2023\/04\/Plakat_Zukunftsfenster.png 430w\" sizes=\"(max-width: 215px) 100vw, 215px\" \/><\/p>\n<p><strong>Zukunftsfenster im Loretto 9<\/strong><br \/>\nOb Klimawandel, Ern\u00e4hrung, soziale Gerechtigkeit oder nachhaltiges Wirtschaften: Die sozial\u00f6kologische Transformation und den Gesellschaftswandel m\u00fcssen wir alle gemeinsam gestalten, die globalen Herausforderungen in Form lokaler L\u00f6sungen vor Ort anpacken.<\/p>\n<p>Im Zukunftsfenster im <a href=\"http:\/\/loretto9.de\/\">Loretto 9<\/a> zeigen wir Initiativen und Akteur:innen, die hier in D\u00fcsseldorf und der Region schon an konkreten L\u00f6sungen und innovativen Ideen f\u00fcr unsere Zukunft arbeiten \u2013 in den Themenfeldern Umwelt und Klima, soziale Teilhabe und Gerechtigkeit, Bildung, Ern\u00e4hrung und Gesundheit.<\/p>\n<hr \/>\n<hr \/>\n<p><img decoding=\"async\" loading=\"lazy\" class=\"alignnone wp-image-527 size-medium\" src=\"http:\/\/www.elementare-zusammenhaenge.de\/wp-content\/uploads\/2023\/10\/Zukunft-Nachbarschaft_nebenan-300x215.jpg\" alt=\"\" width=\"300\" height=\"215\" srcset=\"https:\/\/www.elementare-zusammenhaenge.de\/wp-content\/uploads\/2023\/10\/Zukunft-Nachbarschaft_nebenan-300x215.jpg 300w, https:\/\/www.elementare-zusammenhaenge.de\/wp-content\/uploads\/2023\/10\/Zukunft-Nachbarschaft_nebenan-450x322.jpg 450w, https:\/\/www.elementare-zusammenhaenge.de\/wp-content\/uploads\/2023\/10\/Zukunft-Nachbarschaft_nebenan-768x550.jpg 768w, https:\/\/www.elementare-zusammenhaenge.de\/wp-content\/uploads\/2023\/10\/Zukunft-Nachbarschaft_nebenan.jpg 857w\" sizes=\"(max-width: 300px) 100vw, 300px\" \/><\/p>\n<p><strong>Zukunft Nachbarschaft <\/strong><br \/>\nist ein ko-kreatives Projekt von Studio f\u00fcr elementare Zusammenh\u00e4nge und der Ev. Luther-Kirchengemeinde.\u00a0Wir wollen gemeinsame Sache machen mit Menschen, Initiativen und Institutionen in der Nachbarschaft. F\u00fcr mehr Zusammenwirken vor Ort!<\/p>\n<p><strong>Nachbarschafts-Caf\u00e9<br \/>\n<\/strong><strong>Jeden Dienstag von 17 bis 19 Uhr<\/strong> gibt es die M\u00f6glichkeit, sich mit netten Nachbar:innen auszutauschen und im Gespr\u00e4ch zu bleiben oder gemeinsam an Ideen f\u00fcr unsere Nachbarschaft und unser Viertel zu arbeiten.<\/p>\n<p><strong>brot+zeit<\/strong><br \/>\n<strong>Jeden letzten Dienstag im Monat um 19 Uhr<\/strong> <span class=\"OYPEnA text-decoration-none text-strikethrough-none\">ist bei unserer Brotzeit Zeit f\u00fcr Gemeinschaft und Begegnung, gutes Essen, Energie auftanken und zur Ruhe kommen, Kunst\/Kultur genie\u00dfen oder sich \u00fcber relevante Gesellschafts- und Lebensthemen auszutauschen.<\/span><\/p>\n<p><strong>Ort:<\/strong> Ev. Luther-Kirchengemeinde, Kopernikusstra\u00dfe 9, Bilk<\/p>\n<hr \/>\n<hr \/>\n<p><strong><br \/>\nStadtteil-Labor Bilk<br \/>\n<\/strong> (Start: 14.06. um 18:30 im B\u00fcrgerhaus Salzmannbau)<br \/>\nDas Stadtteil-Labor Bilk ist eine gemeinsame Initiative von Studio f\u00fcr elementare Zusammenh\u00e4nge und dem B\u00fcrgerhaus Salzmannbau &#8211; zur nachhaltigen Entwicklung von Bilk und vor allem eine Plattform zum Mitgestalten. Im Stadtteil-Labor diskutieren und erproben wir gemeinsam mit interessierten B\u00fcrger:innen, Unternehmen, Vereinen, Bildungseinrichtungen und der Stadt nachhaltige Ideen und zukunftsf\u00e4hige L\u00f6sungen f\u00fcr Bilk. Es wird get\u00fcftelt, ausprobiert und umgesetzt.<\/p>\n<p><strong>Termin:<\/strong> Jeden dritten Mittwoch im Monat um 18:30<br \/>\n<strong>Ort:<\/strong> B\u00fcrgerhaus Salzmannbau, Himmelgeister Stra\u00dfe 107<\/p>\n<p>Alle Interessierten sind herzlich eingeladen.<\/p>\n<hr \/>\n<hr \/>\n<p><img decoding=\"async\" loading=\"lazy\" class=\"alignnone size-medium wp-image-509\" src=\"http:\/\/www.elementare-zusammenhaenge.de\/wp-content\/uploads\/2023\/04\/Dusseldorf-nachhaltig_Startseite-300x168.jpg\" alt=\"\" width=\"300\" height=\"168\" srcset=\"https:\/\/www.elementare-zusammenhaenge.de\/wp-content\/uploads\/2023\/04\/Dusseldorf-nachhaltig_Startseite-300x168.jpg 300w, https:\/\/www.elementare-zusammenhaenge.de\/wp-content\/uploads\/2023\/04\/Dusseldorf-nachhaltig_Startseite-450x251.jpg 450w, https:\/\/www.elementare-zusammenhaenge.de\/wp-content\/uploads\/2023\/04\/Dusseldorf-nachhaltig_Startseite-768x429.jpg 768w, https:\/\/www.elementare-zusammenhaenge.de\/wp-content\/uploads\/2023\/04\/Dusseldorf-nachhaltig_Startseite.jpg 1187w\" sizes=\"(max-width: 300px) 100vw, 300px\" \/><br \/>\n<strong>D\u00fcsseldorf nachhaltig in die Zukunft<\/strong> ist eine zivilgesellschaftliche Initiative f\u00fcr ein zukunftsf\u00e4higes und lebenswertes D\u00fcsseldorf in den Bereichen Umwelt und Klima, soziale Teilhabe, Bildung und Gesundheit.<\/p>\n<hr \/>\n<hr \/>\n<p><img decoding=\"async\" loading=\"lazy\" class=\"alignnone size-medium wp-image-512\" src=\"http:\/\/www.elementare-zusammenhaenge.de\/wp-content\/uploads\/2023\/04\/img_imgslider03-300x167.jpg\" alt=\"\" width=\"300\" height=\"167\" srcset=\"https:\/\/www.elementare-zusammenhaenge.de\/wp-content\/uploads\/2023\/04\/img_imgslider03-300x167.jpg 300w, https:\/\/www.elementare-zusammenhaenge.de\/wp-content\/uploads\/2023\/04\/img_imgslider03-450x250.jpg 450w, https:\/\/www.elementare-zusammenhaenge.de\/wp-content\/uploads\/2023\/04\/img_imgslider03-768x427.jpg 768w, https:\/\/www.elementare-zusammenhaenge.de\/wp-content\/uploads\/2023\/04\/img_imgslider03.jpg 1440w\" sizes=\"(max-width: 300px) 100vw, 300px\" \/><\/p>\n<p><strong>Loretto 9<\/strong><br \/>\nRaum f\u00fcr Austausch und Vernetzung. Ko-Kreativer Bildungsort. Coworking. Workshops und Veranstaltungen.<br \/>\nIm Loretto 9 ist Platz f\u00fcr Ideen und Inspirationen. Begegnungen finden statt. Neues entsteht.<span style=\"color: #d4c64c;\"> <a style=\"color: #d4c64c;\" href=\"http:\/\/www.loretto9.de\">Mehr&#8230;<\/a><\/span><\/p>\n<p style=\"text-align: center;\">\n<hr \/>\n<hr \/>\n<h2><\/h2>\n<h2><img decoding=\"async\" loading=\"lazy\" class=\"alignnone wp-image-489\" src=\"http:\/\/www.elementare-zusammenhaenge.de\/wp-content\/uploads\/2020\/11\/hauptblase2012-300x232.jpg\" alt=\"\" width=\"190\" height=\"147\" srcset=\"https:\/\/www.elementare-zusammenhaenge.de\/wp-content\/uploads\/2020\/11\/hauptblase2012-300x232.jpg 300w, https:\/\/www.elementare-zusammenhaenge.de\/wp-content\/uploads\/2020\/11\/hauptblase2012-450x347.jpg 450w, https:\/\/www.elementare-zusammenhaenge.de\/wp-content\/uploads\/2020\/11\/hauptblase2012.jpg 500w\" sizes=\"(max-width: 190px) 100vw, 190px\" \/><\/h2>\n<p><strong>KinderKulturClub:\u00a0<\/strong>Kulturvermittlungsangebot f\u00fcr Kinder von 6 bis 12.\u00a0<span style=\"color: #d4c64c;\"><a style=\"color: #d4c64c;\" href=\"http:\/\/www.kinderkulturclub.de\">Weiter&#8230;<\/a><\/span><\/p>\n","protected":false},"excerpt":{"rendered":"<p>Das Studio f\u00fcr elementare Zusammenh\u00e4nge versteht sich als Impulsgeber und Netzwerk f\u00fcr kulturell und gesellschaftlich belebende Themen. In Form vielf\u00e4ltiger Veranstaltungs- und Begegnungsformate bieten wir regelm\u00e4\u00dfige Inspiration und Wissen &#8211; in den Bereichen Bildung, soziales Miteinander, Arbeit, Umwelt und Nachhaltigkeit &hellip; <a href=\"https:\/\/www.elementare-zusammenhaenge.de\/\">Continue reading <span class=\"meta-nav\">&rarr;<\/span><\/a><\/p>\n","protected":false},"author":1,"featured_media":0,"parent":0,"menu_order":0,"comment_status":"closed","ping_status":"closed","template":"","meta":[],"_links":{"self":[{"href":"https:\/\/www.elementare-zusammenhaenge.de\/index.php?rest_route=\/wp\/v2\/pages\/232"}],"collection":[{"href":"https:\/\/www.elementare-zusammenhaenge.de\/index.php?rest_route=\/wp\/v2\/pages"}],"about":[{"href":"https:\/\/www.elementare-zusammenhaenge.de\/index.php?rest_route=\/wp\/v2\/types\/page"}],"author":[{"embeddable":true,"href":"https:\/\/www.elementare-zusammenhaenge.de\/index.php?rest_route=\/wp\/v2\/users\/1"}],"replies":[{"embeddable":true,"href":"https:\/\/www.elementare-zusammenhaenge.de\/index.php?rest_route=%2Fwp%2Fv2%2Fcomments&post=232"}],"version-history":[{"count":84,"href":"https:\/\/www.elementare-zusammenhaenge.de\/index.php?rest_route=\/wp\/v2\/pages\/232\/revisions"}],"predecessor-version":[{"id":529,"href":"https:\/\/www.elementare-zusammenhaenge.de\/index.php?rest_route=\/wp\/v2\/pages\/232\/revisions\/529"}],"wp:attachment":[{"href":"https:\/\/www.elementare-zusammenhaenge.de\/index.php?rest_route=%2Fwp%2Fv2%2Fmedia&parent=232"}],"curies":[{"name":"wp","href":"https:\/\/api.w.org\/{rel}","templated":true}]}}